emainder when 2179 is divided by 1058.
63
What is the remainder when 1259 is divided by 180?
179
Calculate the remainder when 238 is divided by 95.
48
Calculate the remainder when 308 is divided by 21.
14
Calculate the remainder when 77 is divided by 21.
14
What is the remainder when 488 is divided by 22?
4
What is the remainder when 230 is divided by 6?
2
What is the remainder when 570 is divided by 32?
26
What is the remainder when 215 is divided by 81?
53
What is the remainder when 98 is divided by 37?
24
Calculate the remainder when 2332 is divided by 14.
8
What is the remainder when 90 is divided by 24?
18
What is the remainder when 868 is divided by 137?
46
Calculate the remainder when 91 is divided by 53.
38
Calculate the remainder when 60 is divided by 23.
14
What is the remainder when 71 is divided by 40?
31
Calculate the remainder when 809 is divided by 90.
89
What is the remainder when 651 is divided by 33?
24
What is the remainder when 673 is divided by 25?
23
What is the remainder when 132 is divided by 45?
42
Calculate the remainder when 449 is divided by 226.
223
What is the remainder when 382 is divided by 77?
74
What is the remainder when 297 is divided by 79?
60
Calculate the remainder when 193 is divided by 57.
22
What is the remainder when 277 is divided by 24?
13
Calculate the remainder when 712 is divided by 34.
32
What is the remainder when 2482 is divided by 35?
32
Calculate the remainder when 1263 is divided by 295.
83
Calculate the remainder when 4725 is divided by 139.
138
Calculate the remainder when 1458 is divided by 62.
32
Calculate the remainder when 232 is divided by 47.
44
Calculate the remainder when 627 is divided by 9.
6
What is the remainder when 1229 is divided by 195?
59
Calculate the remainder when 100 is divided by 55.
45
What is the remainder when 168 is divided by 10?
8
Calculate the remainder when 1652 is divided by 75.
2
Calculate the remainder when 408 is divided by 108.
84
Calculate the remainder when 51 is divided by 46.
5
Calculate the remainder when 144 is divided by 119.
25
Calculate the remainder when 15413 is divided by 94.
91
What is the remainder when 96 is divided by 50?
46
Calculate the remainder when 10756 is divided by 20.
16
What is the remainder when 318 is divided by 96?
30
Calculate the remainder when 314 is divided by 63.
62
What is the remainder when 1034 is divided by 4?
2
What is the remainder when 10 is divided by 6?
4
What is the remainder when 693 is divided by 343?
7
Calculate the remainder when 52 is divided by 42.
10
Calculate the remainder when 167 is divided by 1.
0
What is the remainder when 588 is divided by 35?
28
Calculate the remainder when 953 is divided by 107.
97
What is the remainder when 4679 is divided by 37?
17
Calculate the remainder when 151 is divided by 26.
21
What is the remainder when 404 is divided by 17?
13
What is the remainder when 137 is divided by 45?
2
What is the remainder when 172 is divided by 161?
11
What is the remainder when 388 is divided by 77?
3
What is the remainder when 258 is divided by 178?
80
Calculate the remainder when 165 is divided by 7.
4
What is the remainder when 151 is divided by 17?
15
Calculate the remainder when 662 is divided by 242.
178
What is the remainder when 2769 is divided by 155?
134
What is the remainder when 443 is divided by 73?
5
What is the remainder when 318 is divided by 18?
12
Calculate the remainder when 278 is divided by 14.
12
Calculate the remainder when 19 is divided by 13.
6
What is the remainder when 229 is divided by 11?
9
What is the remainder when 1861 is divided by 1852?
9
What is the remainder when 289 is divided by 47?
7
Calculate the remainder when 1645 is divided by 72.
61
What is the remainder when 16 is divided by 10?
6
Calculate the remainder when 154 is divided by 97.
57
Calculate the remainder when 182 is divided by 23.
21
Calculate the remainder when 218 is divided by 123.
95
What is the remainder when 998 is divided by 9?
8
Calculate the remainder when 1290 is divided by 258.
0
Calculate the remainder when 771 is divided by 95.
11
What is the remainder when 7687 is divided by 62?
61
What is the remainder when 259 is divided by 25?
9
What is the remainder when 248 is divided by 42?
38
Calculate the remainder when 64 is divided by 4.
0
What is the remainder when 435 is divided by 144?
3
What is the remainder when 5976 is divided by 57?
48
Calculate the remainder when 611 is divided by 36.
35
Calculate the remainder when 144 is divided by 7.
4
What is the remainder when 168 is divided by 58?
52
Calculate the remainder when 2540 is divided by 160.
140
What is the remainder when 725 is divided by 185?
170
Calculate the remainder when 1637 is divided by 63.
62
Calculate the remainder when 441 is divided by 17.
16
What is the remainder when 492 is divided by 26?
24
Calculate the remainder when 4618 is divided by 66.
64
Calculate the remainder when 58 is divided by 50.
8
What is the remainder when 4477 is divided by 83?
78
What is the remainder when 15477 is divided by 36?
33
Calculate the remainder when 152 is divided by 41.
29
What is the remainder when 407 is divided by 82?
79
What is the remainder when 292 is divided by 92?
16
What is the remainder when 246 is divided by 50?
46
What is the remainder when 637 is divided by 131?
113
Calculate the remainder when 114 is divided by 13.
10
Calculate the remainder when 1103 is divided by 46.
45
What is the remainder when 386 is divided by 192?
2
Calculate the remainder when 239 is divided by 79.
2
What is the remainder when 5674 is divided by 6?
4
Calculate the remainder when 382 is divided by 98.
88
Calculate the remainder when 8573 is divided by 16.
13
Calculate the remainder when 123 is divided by 71.
52
What is the remainder when 679 is divided by 31?
28
What is the remainder when 3426 is divided by 78?
72
Calculate the remainder when 60 is divided by 31.
29
Calculate the remainder when 21072 is divided by 11.
7
Calculate the remainder when 463 is divided by 36.
31
What is the remainder when 754 is divided by 57?
13
Calculate the remainder when 777 is divided by 15.
12
What is the remainder when 2916 is divided by 113?
91
What is the remainder when 627 is divided by 135?
87
What is the remainder when 88 is divided by 53?
35
Calculate the remainder when 395 is divided by 74.
25
Calculate the remainder when 141 is divided by 16.
13
Calculate the remainder when 272 is divided by 51.
17
Calculate the remainder when 250 is divided by 197.
53
What is the remainder when 142 is divided by 39?
25
Calculate the remainder when 9572 is divided by 76.
72
Calculate the remainder when 185 is divided by 96.
89
What is the remainder when 241 is divided by 216?
25
What is the remainder when 114 is divided by 26?
10
What is the remainder when 216 is divided by 38?
26
Calculate the remainder when 794 is divided by 33.
2
What is the remainder when 253 is divided by 32?
29
What is the remainder when 173 is divided by 120?
53
Calculate the remainder when 372 is divided by 198.
174
Calculate the remainder when 152 is divided by 47.
11
What is the remainder when 18153 is divided by 89?
86
What is the remainder when 27 is divided by 26?
1
Calculate the remainder when 5949 is divided by 12.
9
Calculate the remainder when 1707 is divided by 38.
35
Calculate the remainder when 3966 is divided by 27.
24
What is the remainder when 1064 is divided by 5?
4
What is the remainder when 30 is divided by 4?
2
What is the remainder when 420 is divided by 47?
44
What is the remainder when 117 is divided by 117?
0
What is the remainder when 3355 is divided by 33?
22
Calculate the remainder when 292 is divided by 89.
25
Calculate the remainder when 186 is divided by 15.
6
Calculate the remainder when 1508 is divided by 50.
8
What is the remainder when 326 is divided by 285?
41
Calculate the remainder when 518 is divided by 21.
14
What is the remainder when 800 is divided by 67?
63
What is the remainder when 724 is divided by 52?
48
What is the remainder when 192 is divided by 24?
0
Calculate the remainder when 1361 is divided by 24.
17
What is the remainder when 593 is divided by 64?
17
Calculate the remainder when 248 is divided by 76.
20
Calculate the remainder when 1794 i